81.
9
What is the greatest common factor of 32476 and 104512?
92
What is the highest common divisor of 2873 and 745121?
169
What is the highest common factor of 129443299 and 97?
97
What is the highest common divisor of 1140 and 220152772?
76
Calculate the greatest common factor of 17966 and 380.
2
Calculate the greatest common divisor of 80 and 16609630.
10
Calculate the greatest common factor of 368031912 and 68.
68
Calculate the highest common divisor of 2909399 and 1660.
83
What is the highest common factor of 7677 and 14818316?
853
Calculate the highest common factor of 565 and 438100435.
565
Calculate the greatest common factor of 10058041 and 2233.
203
Calculate the greatest common divisor of 124942238 and 30224.
3778
Calculate the highest common divisor of 6240 and 189910240.
2080
What is the greatest common divisor of 11458970 and 4?
2
What is the highest common divisor of 356805 and 19485?
45
Calculate the greatest common factor of 88064580 and 23895.
885
What is the greatest common factor of 184653 and 688905?
189
Calculate the highest common factor of 355743 and 13624200.
7569
What is the highest common factor of 159821301 and 17?
17
Calculate the greatest common divisor of 58978 and 3660621.
797
Calculate the greatest common divisor of 60 and 345579765.
15
Calculate the highest common divisor of 112222 and 1067.
11
What is the highest common factor of 11308662 and 3618?
1206
Calculate the greatest common factor of 44461 and 619686.
173
What is the highest common divisor of 190 and 233054?
38
What is the greatest common factor of 27832558 and 1036767?
8429
Calculate the highest common factor of 451263 and 492325.
419
Calculate the highest common divisor of 1713705 and 315.
105
Calculate the greatest common divisor of 2020 and 182230.
10
Calculate the greatest common factor of 11078900 and 2975.
2975
What is the highest common divisor of 50 and 847582825?
25
What is the greatest common divisor of 143534 and 555777?
1669
Calculate the highest common divisor of 768691 and 4891.
67
What is the highest common factor of 79014 and 69342?
78
What is the highest common divisor of 8446111 and 52013?
4001
What is the highest common factor of 45240 and 320151?
39
Calculate the greatest common divisor of 108885108 and 6.
6
Calculate the highest common factor of 12888 and 70389960.
4296
Calculate the greatest common factor of 432 and 4745358.
54
What is the greatest common factor of 1289328 and 768?
48
What is the greatest common divisor of 79616 and 259996?
1244
Calculate the greatest common factor of 27 and 172171881.
9
Calculate the highest common divisor of 30873 and 282039.
123
What is the greatest common factor of 17107866 and 549?
9
Calculate the greatest common factor of 4259893 and 11.
11
Calculate the greatest common divisor of 488158518 and 6.
6
What is the greatest common factor of 13000015 and 366?
61
What is the highest common factor of 58497 and 8506152?
3441
What is the greatest common divisor of 975762 and 510078?
906
What is the highest common factor of 29832905 and 1113?
53
What is the greatest common divisor of 26 and 299317?
1
Calculate the greatest common factor of 940002075 and 60.
15
What is the greatest common factor of 33565 and 3585701?
959
Calculate the greatest common divisor of 17456 and 381950372.
4364
Calculate the highest common factor of 5213 and 135226.
13
Calculate the highest common divisor of 10248 and 681660.
84
Calculate the highest common divisor of 10614 and 5160.
6
Calculate the greatest common divisor of 411477000 and 37.
37
What is the highest common divisor of 242541 and 83187?
351
What is the greatest common divisor of 918 and 2631396?
102
What is the greatest common factor of 4130428 and 128?
4
Calculate the highest common divisor of 6750 and 6380550.
450
What is the highest common divisor of 7788154 and 748?
22
Calculate the highest common factor of 10982848 and 192.
64
Calculate the highest common factor of 1245224 and 8.
8
What is the highest common factor of 1135876 and 612460?
452
What is the highest common divisor of 410304769 and 4333?
4333
What is the greatest common factor of 1193 and 192787607?
1193
Calculate the highest common factor of 234669 and 114057.
1311
Calculate the highest common factor of 1093387941 and 531.
531
What is the greatest common divisor of 2666703 and 3159?
39
What is the greatest common factor of 20550 and 224175?
75
What is the greatest common divisor of 88103922 and 3?
3
What is the greatest common divisor of 316 and 307163534?
158
Calculate the highest common divisor of 2808 and 2670165.
27
Calculate the highest common divisor of 14869647 and 39.
39
What is the highest common factor of 1567482 and 160?
2
Calculate the greatest common divisor of 6944595 and 99750.
1995
What is the highest common divisor of 203 and 3986833?
29
What is the greatest common factor of 546 and 29722686?
42
Calculate the highest common divisor of 44361 and 973989.
279
What is the greatest common divisor of 1548 and 1571148?
36
What is the highest common divisor of 5499 and 1553331?
39
Calculate the greatest common divisor of 6 and 118101.
3
What is the greatest common factor of 105 and 719319489?
21
What is the highest common factor of 1256245 and 2365?
215
Calculate the greatest common factor of 5249952918 and 18.
18
Calculate the greatest common factor of 89250 and 142086.
714
Calculate the greatest common factor of 40953 and 108504.
33
What is the highest common factor of 5670 and 2438910?
810
What is the highest common factor of 40 and 861127?
1
What is the highest common divisor of 1038754 and 295?
59
Calculate the greatest common divisor of 1174344 and 9018.
1002
What is the highest common factor of 12626 and 604042?
118
Calculate the greatest common factor of 1103633591 and 17.
17
What is the greatest common divisor of 78 and 217393293?
39
Calculate the greatest common factor of 41740 and 41660.
20
What is the greatest common divisor of 2118 and 225792?
6
What is the greatest common factor of 1330 and 247646?
266
Calculate the highest common factor of 135277008 and 16.
16
Calculate the highest common divisor of 4 and 5537872.
4
What is the greatest common factor of 5053080 and 19464?
24
What is the greatest common factor of 3592 and 102448?
8
Calculate the greatest common factor of 4070237 and 43877.
2581
Calculate the highest common divisor of 32973 and 9897585.
1137
Calculate the greatest common factor of 83 and 131984940.
83
Calculate the greatest common factor of 11494 and 1715966.
14
What is the highest common divisor of 612 and 17128656?
612
Calculate the highest common factor of 1057187 and 1285914.
1801
What is the highest common factor of 4775 and 278000?
25
What is the greatest common factor of 5032899 and 99?
9
What is the greatest common factor of 1536 and 44716800?
768
Calculate the highest common factor of 37423 and 16.
1
Calculate the greatest common divisor of 1449 and 198876699.
1449
Calculate the greatest common factor of 90 and 1682658.
18
What is the highest common factor of 136 and 49770280?
8
What is the highest common divisor of 32283 and 1243516?
17
What is the highest common factor of 1216 and 532627?
19
Calculate the greatest common divisor of 44468721 and 1006.
503
Calculate the greatest common divisor of 196400 and 316204.
1964
Calculate the greatest common factor of 648844 and 28.
28
What is the highest common divisor of 10 and 27768010?
10
What is the highest common divisor of 3870 and 928370?
430
Calculate the highest common divisor of 165 and 367388901.
33
What is the highest common factor of 498 and 6016587?
249
What is the greatest common divisor of 216 and 3494313?
27
Calculate the highest common divisor of 9350325 and 36105.
435
What is the highest common divisor of 2696548 and 32676?
1556
What is the greatest common factor of 10112 and 169813976?
632
Calculate the highest common divisor of 286 and 632139794.
286
What is the greatest common divisor of 7839399 and 3?
3
Calculate the greatest common divisor of 18822 and 42427925.
3137
Calculate the greatest common factor of 62195142 and 19038.
1002
What is the highest common divisor of 792 and 74274696?
72
What is the greatest common divisor of 2876610 and 6831?
759
Calculate the highest comm